emainder when 2726 is divided by 152.
142
What is the remainder when 133 is divided by 5?
3
What is the remainder when 186 is divided by 19?
15
Calculate the remainder when 151 is divided by 80.
71
Calculate the remainder when 233 is divided by 78.
77
Calculate the remainder when 113423 is divided by 16.
15
Calculate the remainder when 267 is divided by 15.
12
Calculate the remainder when 632 is divided by 130.
112
Calculate the remainder when 500 is divided by 7.
3
Calculate the remainder when 717 is divided by 72.
69
What is the remainder when 537 is divided by 250?
37
What is the remainder when 585 is divided by 193?
6
Calculate the remainder when 1628 is divided by 10.
8
Calculate the remainder when 254 is divided by 242.
12
Calculate the remainder when 364 is divided by 167.
30
Calculate the remainder when 464 is divided by 36.
32
What is the remainder when 3559 is divided by 178?
177
What is the remainder when 171 is divided by 29?
26
Calculate the remainder when 39 is divided by 27.
12
Calculate the remainder when 2112 is divided by 37.
3
What is the remainder when 1726 is divided by 8?
6
What is the remainder when 1021 is divided by 31?
29
Calculate the remainder when 406 is divided by 66.
10
What is the remainder when 1805 is divided by 266?
209
What is the remainder when 65 is divided by 34?
31
Calculate the remainder when 5179 is divided by 74.
73
Calculate the remainder when 386 is divided by 186.
14
What is the remainder when 233 is divided by 62?
47
What is the remainder when 4970 is divided by 21?
14
Calculate the remainder when 892 is divided by 22.
12
Calculate the remainder when 21 is divided by 17.
4
Calculate the remainder when 49 is divided by 42.
7
Calculate the remainder when 158 is divided by 82.
76
Calculate the remainder when 284 is divided by 74.
62
What is the remainder when 5892 is divided by 40?
12
What is the remainder when 786 is divided by 66?
60
Calculate the remainder when 667 is divided by 289.
89
Calculate the remainder when 51 is divided by 27.
24
Calculate the remainder when 38 is divided by 13.
12
Calculate the remainder when 132 is divided by 27.
24
Calculate the remainder when 1373 is divided by 172.
169
Calculate the remainder when 482 is divided by 44.
42
Calculate the remainder when 699 is divided by 16.
11
Calculate the remainder when 183 is divided by 90.
3
What is the remainder when 148 is divided by 27?
13
Calculate the remainder when 997 is divided by 100.
97
What is the remainder when 6954 is divided by 188?
186
Calculate the remainder when 446 is divided by 125.
71
What is the remainder when 11160 is divided by 183?
180
What is the remainder when 14076 is divided by 57?
54
What is the remainder when 402 is divided by 48?
18
Calculate the remainder when 244 is divided by 112.
20
Calculate the remainder when 2684 is divided by 46.
16
What is the remainder when 4796 is divided by 64?
60
What is the remainder when 144 is divided by 87?
57
What is the remainder when 387 is divided by 30?
27
What is the remainder when 427 is divided by 33?
31
Calculate the remainder when 234 is divided by 15.
9
Calculate the remainder when 1490 is divided by 21.
20
Calculate the remainder when 1049 is divided by 14.
13
What is the remainder when 10871 is divided by 222?
215
What is the remainder when 2901 is divided by 318?
39
Calculate the remainder when 327 is divided by 66.
63
What is the remainder when 74 is divided by 23?
5
What is the remainder when 66 is divided by 7?
3
What is the remainder when 207 is divided by 65?
12
Calculate the remainder when 711 is divided by 54.
9
Calculate the remainder when 66 is divided by 10.
6
What is the remainder when 2618 is divided by 131?
129
Calculate the remainder when 15764 is divided by 36.
32
Calculate the remainder when 18 is divided by 5.
3
What is the remainder when 48 is divided by 5?
3
What is the remainder when 3695 is divided by 48?
47
What is the remainder when 1144 is divided by 87?
13
Calculate the remainder when 61 is divided by 22.
17
What is the remainder when 71 is divided by 43?
28
Calculate the remainder when 318 is divided by 36.
30
What is the remainder when 42 is divided by 34?
8
What is the remainder when 19601 is divided by 9?
8
What is the remainder when 237 is divided by 6?
3
What is the remainder when 2736 is divided by 33?
30
What is the remainder when 413 is divided by 144?
125
Calculate the remainder when 438 is divided by 111.
105
Calculate the remainder when 390 is divided by 23.
22
What is the remainder when 1368 is divided by 10?
8
Calculate the remainder when 20 is divided by 4.
0
Calculate the remainder when 34 is divided by 7.
6
Calculate the remainder when 321 is divided by 45.
6
What is the remainder when 243 is divided by 55?
23
What is the remainder when 646 is divided by 81?
79
What is the remainder when 132 is divided by 17?
13
What is the remainder when 176 is divided by 37?
28
Calculate the remainder when 674 is divided by 9.
8
What is the remainder when 120 is divided by 17?
1
What is the remainder when 4572 is divided by 4?
0
What is the remainder when 120 is divided by 22?
10
What is the remainder when 59 is divided by 50?
9
What is the remainder when 959 is divided by 17?
7
Calculate the remainder when 127 is divided by 47.
33
Calculate the remainder when 98 is divided by 96.
2
What is the remainder when 241 is divided by 16?
1
Calculate the remainder when 1032 is divided by 37.
33
What is the remainder when 1122 is divided by 49?
44
Calculate the remainder when 25 is divided by 2.
1
What is the remainder when 673 is divided by 240?
193
Calculate the remainder when 451 is divided by 147.
10
Calculate the remainder when 70 is divided by 13.
5
Calculate the remainder when 315 is divided by 31.
5
What is the remainder when 7703 is divided by 82?
77
What is the remainder when 557 is divided by 43?
41
What is the remainder when 28035 is divided by 163?
162
Calculate the remainder when 6000 is divided by 17.
16
Calculate the remainder when 1011 is divided by 22.
21
What is the remainder when 280 is divided by 95?
90
What is the remainder when 12381 is divided by 32?
29
What is the remainder when 74 is divided by 41?
33
Calculate the remainder when 151 is divided by 41.
28
What is the remainder when 190 is divided by 47?
2
What is the remainder when 773 is divided by 111?
107
Calculate the remainder when 4975 is divided by 166.
161
What is the remainder when 1178 is divided by 183?
80
Calculate the remainder when 3962 is divided by 3947.
15
Calculate the remainder when 10587 is divided by 3524.
15
What is the remainder when 101 is divided by 9?
2
What is the remainder when 60 is divided by 7?
4
What is the remainder when 2434 is divided by 12?
10
Calculate the remainder when 155 is divided by 23.
17
What is the remainder when 112 is divided by 18?
4
Calculate the remainder when 641 is divided by 17.
12
Calculate the remainder when 1918 is divided by 5.
3
What is the remainder when 76 is divided by 21?
13
Calculate the remainder when 112 is divided by 49.
14
Calculate the remainder when 2677 is divided by 772.
361
Calculate the remainder when 1022 is divided by 41.
38
Calculate the remainder when 119 is divided by 33.
20
Calculate the remainder when 350 is divided by 19.
8
What is the remainder when 169 is divided by 59?
51
Calculate the remainder when 184 is divided by 5.
4
Calculate the remainder when 105 is divided by 4.
1
Calculate the remainder when 5520 is divided by 43.
16
Calculate the remainder when 1705 is divided by 14.
11
Calculate the remainder when 913 is divided by 206.
89
What is the remainder when 1238 is divided by 69?
65
What is the remainder when 915 is divided by 145?
45
Calculate the remainder when 151 is divided by 40.
31
Calculate the remainder when 220 is divided by 37.
35
What is the remainder when 7857 is divided by 70?
17
What is the remainder when 55 is divided by 23?
9
Calculate the remainder when 519 is divided by 30.
9
What is the remainder when 124 is divided by 42?
40
What is the remainder when 974 is divided by 514?
460
Calculate the remainder when 34828 is divided by 162.
160
What is the remainder when 80 is divided by 32?
16
Calculate the remainder when 67 is divided by 14.
11
Calculate th